{"id":168,"date":"2019-01-31T14:22:05","date_gmt":"2019-01-31T14:22:05","guid":{"rendered":"http:\/\/hundeschule-stein.de\/?page_id=168"},"modified":"2021-12-05T14:19:26","modified_gmt":"2021-12-05T14:19:26","slug":"obedience","status":"publish","type":"page","link":"https:\/\/hundeschule-stein.de\/?page_id=168","title":{"rendered":"Obedience"},"content":{"rendered":"<p>[et_pb_section fb_built=&#8220;1&#8243; _builder_version=&#8220;3.19.10&#8243;][et_pb_row use_custom_width=&#8220;on&#8220; width_unit=&#8220;off&#8220; _builder_version=&#8220;3.19.10&#8243; custom_width_percent__hover_enabled=&#8220;on&#8220;][et_pb_column type=&#8220;4_4&#8243; _builder_version=&#8220;3.19.10&#8243; parallax=&#8220;off&#8220; parallax_method=&#8220;on&#8220;][et_pb_image src=&#8220;http:\/\/hundeschule-stein.de\/wp-content\/uploads\/2019\/03\/kleiner-hund.jpg&#8220; align=&#8220;center&#8220; _builder_version=&#8220;3.19.10&#8243;][\/et_pb_image][et_pb_text _builder_version=&#8220;3.19.10&#8243; text_font=&#8220;||||||||&#8220; text_line_height=&#8220;1.8em&#8220; header_font=&#8220;||||||||&#8220; header_font_size_tablet=&#8220;31px&#8220; header_font_size_phone=&#8220;16px&#8220; header_font_size_last_edited=&#8220;on|phone&#8220; header_line_height=&#8220;1.5em&#8220; custom_margin_tablet=&#8220;|0px||0px||true&#8220; custom_margin_phone=&#8220;|0px||0px||true&#8220; custom_margin_last_edited=&#8220;on|tablet&#8220; custom_padding=&#8220;|0px||0px||true&#8220; hover_enabled=&#8220;0&#8243; header_2_font=&#8220;||||||||&#8220; header_2_font_size=&#8220;39px&#8220; header_2_line_height=&#8220;1.6em&#8220; header_2_font_size_last_edited=&#8220;on|phone&#8220; header_2_font_size_phone=&#8220;26px&#8220; text_font_size=&#8220;18px&#8220; text_font_size_last_edited=&#8220;on|phone&#8220;]<\/p>\n<h2 class=\"western\" style=\"text-align: center;\"><span style=\"color: #339966;\"><span color=\"#000000\"><span face=\"verdana, sans-serif\" style=\"font-family: verdana, sans-serif;\">OBEDIENCE<br \/>\n<\/span><\/span><span color=\"#000000\"><span face=\"verdana, sans-serif\" style=\"font-family: verdana, sans-serif;\">in der Hundeschule Stein!<\/span><\/span><\/span><\/h2>\n<p style=\"text-align: center;\"><span color=\"#000000\"><span face=\"verdana, sans-serif\">Obedience bedeutet auf Deutsch&nbsp;<b>GEHORSAM<\/b>. Ich nenne es die &#8222;Hohe Schule der Unterordnung&#8220;, vergleichbar mit dem Dressurreiten im Pferdesport. Obedience gibt es schon seit 1949(!) und stammt &#8211; wie sollte es auch anders sein &#8211; aus Gro\u00dfbritannien. Seit 2001 gibt es Obedience auch in Deutschland.<\/span><\/span><\/p>\n<p style=\"text-align: center;\">Obedience bedeutet Hundeausbildung in Perfektion, wobei das Teamwork im Mittelpunkt steht, eine harmonische Arbeitsbeziehung zwischen Mensch und Hund. Es wird nicht mit Druck gearbeitet. Das zeigt sich am besten in der freudigen, hochkonzentrierten Arbeitshaltung der Hunde und Hundef\u00fchrer\/innen &#8211; sich einander &#8222;anl\u00e4chelnd&#8220;.<br \/>\nWer kann Obedience betreiben?<br \/>\nIm Grunde genommen&nbsp;<b>Jeder!<\/b><br \/>\nMit jedem Hund, ob gro\u00df oder klein, alt oder jung, l\u00e4ufig oder nicht, gehbehindert oder nicht \u2026<br \/>\nkann Obedience trainiert werden. Auch f\u00fcr die Hundef\u00fchrer\/innen gilt: alt oder jung, gehbehindert oder nicht, &#8230;<\/p>\n<p style=\"text-align: center;\"><b>Aber:<\/b>&nbsp;Die Hundef\u00fchrer\/innen haben eine gro\u00dfe Aufgabe. Sie m\u00fcssen sehr diszipliniert, geduldig mit dem Hund und auch ausdauernd sein.<br \/>\n<b>Und:<\/b>&nbsp;Beim Obedience werden die Teams von einem \u201eRingsteward\u201c angeleitet. Der Ringsteward gibt immer genau an, was gemacht werden soll.<br \/>\nZulassungsvoraussetzung f\u00fcr Pr\u00fcfungen ist eine bestandene Begleithund-Pr\u00fcfung und die Zugeh\u00f6rigkeit zu einem Verein.<\/p>\n<p style=\"text-align: center;\">Obedience ist in 4 Leistungs-Klassen eingeteilt: Beginner, OB1, OB2, OB3<\/p>\n<p style=\"text-align: center;\">Wir trainieren nach der VDH-Pr\u00fcfungsordnung.<\/p>\n<p style=\"text-align: center;\"><span>Haben wir Ihr Interesse geweckt?&nbsp;Dann schauen Sie uns doch mal beim Training zu.<\/span><\/p>\n<p>[\/et_pb_text][\/et_pb_column][\/et_pb_row][\/et_pb_section]<\/p>\n","protected":false},"excerpt":{"rendered":"<p>OBEDIENCE in der Hundeschule Stein! Obedience bedeutet auf Deutsch&nbsp;GEHORSAM. Ich nenne es die &#8222;Hohe Schule der Unterordnung&#8220;, vergleichbar mit dem Dressurreiten im Pferdesport. Obedience gibt es schon seit 1949(!) und stammt &#8211; wie sollte es auch anders sein &#8211; aus Gro\u00dfbritannien. Seit 2001 gibt es Obedience auch in Deutschland. Obedience bedeutet Hundeausbildung in Perfektion, wobei [&hellip;]<\/p>\n","protected":false},"author":1,"featured_media":0,"parent":0,"menu_order":0,"comment_status":"closed","ping_status":"closed","template":"","meta":{"_et_pb_use_builder":"on","_et_pb_old_content":"","_et_gb_content_width":"","footnotes":""},"class_list":["post-168","page","type-page","status-publish","hentry"],"_links":{"self":[{"href":"https:\/\/hundeschule-stein.de\/index.php?rest_route=\/wp\/v2\/pages\/168","targetHints":{"allow":["GET"]}}],"collection":[{"href":"https:\/\/hundeschule-stein.de\/index.php?rest_route=\/wp\/v2\/pages"}],"about":[{"href":"https:\/\/hundeschule-stein.de\/index.php?rest_route=\/wp\/v2\/types\/page"}],"author":[{"embeddable":true,"href":"https:\/\/hundeschule-stein.de\/index.php?rest_route=\/wp\/v2\/users\/1"}],"replies":[{"embeddable":true,"href":"https:\/\/hundeschule-stein.de\/index.php?rest_route=%2Fwp%2Fv2%2Fcomments&post=168"}],"version-history":[{"count":22,"href":"https:\/\/hundeschule-stein.de\/index.php?rest_route=\/wp\/v2\/pages\/168\/revisions"}],"predecessor-version":[{"id":704,"href":"https:\/\/hundeschule-stein.de\/index.php?rest_route=\/wp\/v2\/pages\/168\/revisions\/704"}],"wp:attachment":[{"href":"https:\/\/hundeschule-stein.de\/index.php?rest_route=%2Fwp%2Fv2%2Fmedia&parent=168"}],"curies":[{"name":"wp","href":"https:\/\/api.w.org\/{rel}","templated":true}]}}