{"id":162,"date":"2019-01-31T09:31:14","date_gmt":"2019-01-31T09:31:14","guid":{"rendered":"http:\/\/hundeschule-stein.de\/?page_id=162"},"modified":"2025-05-04T11:11:44","modified_gmt":"2025-05-04T11:11:44","slug":"ueber-uns","status":"publish","type":"page","link":"https:\/\/hundeschule-stein.de\/?page_id=162","title":{"rendered":"\u00dcber uns"},"content":{"rendered":"<p>[et_pb_section fb_built=&#8220;1&#8243; _builder_version=&#8220;3.19.10&#8243;][et_pb_row use_custom_width=&#8220;on&#8220; width_unit=&#8220;off&#8220; _builder_version=&#8220;3.19.10&#8243;][et_pb_column type=&#8220;4_4&#8243; _builder_version=&#8220;3.19.10&#8243; parallax=&#8220;off&#8220; parallax_method=&#8220;on&#8220;][et_pb_image src=&#8220;http:\/\/hundeschule-stein.de\/wp-content\/uploads\/2019\/02\/Askia-Barika-Megan-im-April-2018.jpg&#8220; _builder_version=&#8220;3.19.10&#8243;][\/et_pb_image][et_pb_text _builder_version=&#8220;3.19.10&#8243; text_font=&#8220;||||||||&#8220; text_text_color=&#8220;#000000&#8243; text_font_size=&#8220;18px&#8220; text_line_height=&#8220;1.8em&#8220; ul_font=&#8220;||||||||&#8220; header_2_font=&#8220;||||||||&#8220; header_2_text_align=&#8220;center&#8220; header_5_font=&#8220;||||||||&#8220; header_5_font_size=&#8220;23px&#8220; header_5_font_size_tablet=&#8220;20px&#8220; header_5_font_size_phone=&#8220;14px&#8220; header_5_font_size_last_edited=&#8220;on|phone&#8220; header_5_line_height=&#8220;2.5em&#8220;]<\/p>\n<h2 style=\"text-align: center;\"><span style=\"color: #149b07;\"><b>Barbara Keipp mit <\/b><b>Barika, Cara und Chiara:<\/b><\/span><\/h2>\n<p style=\"text-align: left;\">Mein erster eigener Hund, den ich vom Welpenalter an hatte, war Tina, eine Beagle-H\u00fcndin.<br \/>\nMit Tina absolvierte ich 1977 als Mitglied im Beagleclub Deutschland als Erste eine Begleithundpr\u00fcfung.<br \/>\nTina begleitete mein Leben \u00fcber 16 Jahre.<\/p>\n<p style=\"text-align: left;\">Ronja, eine WSS-Mix-H\u00fcndin war mein 2. Hund, den ich von Anfang an selbst ausgebildet habe. Sie begleitete mich von 1998 bis 2013.<br \/>\nMit Ronja ging ich von 2005 bis 2010 Pr\u00fcfungen (Begleithund-, Agility- und nat\u00fcrlich Obediencepr\u00fcfungen) und f\u00fchrte mit ihr gelegentlich auch F\u00e4hrtenarbeit durch.<\/p>\n<p style=\"text-align: left;\">Im April 2009 holten wir unsere Megan, eine Wei\u00dfe Schweizer Sch\u00e4ferh\u00fcndin (WSS), im Alter von neun Wochen zu uns.<br \/>\nMegan bestand die Begleithundepr\u00fcfung im September 2010. Von 2010 bis 2016 ging ich mit ihr Obediencepr\u00fcfungen. Neben Obedience trainiere ich seit 2014 mit ihr Rally-Obedience und Senioren-Agility. Gelegentlich f\u00fchre ich mit ihr F\u00e4hrtenarbeit durch und besuche mit ihr F\u00e4hrtenseminare<\/p>\n<p style=\"text-align: left;\">Im August 2012 wurde unsere Askia geboren. Sie ist die Tochter unserer Megan.<br \/>\nSeit 2013 trainieren wir auch mit ihr Turnierhundesport, Obedience, Rally-Obedience und Senioren-Agility.<\/p>\n<p style=\"text-align: left;\">Im Mai 2015 bestand Askia die Begleithund-Pr\u00fcfung. Seit September 2016 gehe ich mit ihr Obedience-Turniere. Askia bestand im Dezember 2016 die BGH1-Pr\u00fcfung.<\/p>\n<p style=\"text-align: left;\">Im April 2017 wurde unsere Barika-Belana geboren. Sie ist die Tochter unserer Askia. Barika bestand im Juni 2019 die Begleithundepr\u00fcfung und im Oktober 2019 die Hundef\u00fchrerscheinpr\u00fcfung.<\/p>\n<p>Im Juli 2022 wurden unsere C-Wurf-Welpen geboren. Cara und Chiara behielten wir bei uns. Sie sind die T\u00f6chter unserer Barika.<\/p>\n<p style=\"text-align: left;\">Alle 3 Hunde begleiten mich abwechselnd in der Hundeschule als Trainerhund.<\/p>\n<p style=\"text-align: left;\">Von 2000 bis 2008 war ich Ausbilderin in einem<span class=\"Apple-converted-space\">\u00a0 <\/span>Hundeverein.<br \/>\nIn den ersten Jahren unterrichtete ich in den Bereichen Anf\u00e4nger, Fortgeschrittene, Junghunde und Begleithunde.<br \/>\nSeit 2002 bin ich Beagle-Diplom-Richter.<br \/>\nSeit 2004 bin ich Trainerin f\u00fcr Basisausbildung und speziell f\u00fcr Obedience.<br \/>\nSeit 2006 bin ich Steward bei Obedience-Turnieren.<\/p>\n<p style=\"text-align: left;\">2012 legte ich die Z\u00fcchterpr\u00fcfung f\u00fcr Wei\u00dfe Schweizer Sch\u00e4ferhunde im BVWS\/VDH ab.<br \/>\nAm 27.08.2012 wurden unsere A-Wurf-Welpen geboren.<\/p>\n<p style=\"text-align: left;\">Die seit der \u00c4nderung im Tierschutzgesetz (2014) erforderliche Erlaubnis f\u00fcr die erwerbsm\u00e4\u00dfige Ausbildung von Hunden f\u00fcr Dritte, sowie die gewerbsm\u00e4\u00dfige Anleitung der Ausbildung von Hunden durch den Tierhalter wurde mir am 22.07.2015 erteilt.<span class=\"Apple-converted-space\">\u00a0<\/span><\/p>\n<p style=\"text-align: left;\">Im M\u00e4rz 2007 er\u00f6ffneten wir unsere eigene Hundeschule.<\/p>\n<p style=\"text-align: left;\">Wir arbeiten in unserer Hundeschule grunds\u00e4tzlich mit positiver Verst\u00e4rkung.<br \/>\nHierbei dient uns der Clicker als hervorragendes Hilfsmittel.<br \/>\nEs ist unsere Erfahrung, dass jeder Hund \u2013 auch schon im zarten Welpenalter \u2013 mit dem\/auf den Clicker konditioniert werden kann.<\/p>\n<ul>\n<li><span class=\"Apple-tab-span\">\u00a0<\/span>Weiterbildung durch\u00a0Seminare<\/li>\n<li>Vortr\u00e4ge<span class=\"Apple-converted-space\">\u00a0<\/span><\/li>\n<li>Fachliteratur<span class=\"Apple-converted-space\">\u00a0<\/span><\/li>\n<li>Trainerfortbildungen<span class=\"Apple-converted-space\">\u00a0<\/span><\/li>\n<\/ul>\n<p>[\/et_pb_text][\/et_pb_column][\/et_pb_row][\/et_pb_section]<\/p>\n","protected":false},"excerpt":{"rendered":"<p>Barbara Keipp mit Barika, Cara und Chiara: Mein erster eigener Hund, den ich vom Welpenalter an hatte, war Tina, eine Beagle-H\u00fcndin. Mit Tina absolvierte ich 1977 als Mitglied im Beagleclub Deutschland als Erste eine Begleithundpr\u00fcfung. Tina begleitete mein Leben \u00fcber 16 Jahre. Ronja, eine WSS-Mix-H\u00fcndin war mein 2. Hund, den ich von Anfang an selbst [&hellip;]<\/p>\n","protected":false},"author":1,"featured_media":0,"parent":0,"menu_order":0,"comment_status":"closed","ping_status":"closed","template":"","meta":{"_et_pb_use_builder":"on","_et_pb_old_content":"","_et_gb_content_width":"","footnotes":""},"class_list":["post-162","page","type-page","status-publish","hentry"],"_links":{"self":[{"href":"https:\/\/hundeschule-stein.de\/index.php?rest_route=\/wp\/v2\/pages\/162","targetHints":{"allow":["GET"]}}],"collection":[{"href":"https:\/\/hundeschule-stein.de\/index.php?rest_route=\/wp\/v2\/pages"}],"about":[{"href":"https:\/\/hundeschule-stein.de\/index.php?rest_route=\/wp\/v2\/types\/page"}],"author":[{"embeddable":true,"href":"https:\/\/hundeschule-stein.de\/index.php?rest_route=\/wp\/v2\/users\/1"}],"replies":[{"embeddable":true,"href":"https:\/\/hundeschule-stein.de\/index.php?rest_route=%2Fwp%2Fv2%2Fcomments&post=162"}],"version-history":[{"count":17,"href":"https:\/\/hundeschule-stein.de\/index.php?rest_route=\/wp\/v2\/pages\/162\/revisions"}],"predecessor-version":[{"id":795,"href":"https:\/\/hundeschule-stein.de\/index.php?rest_route=\/wp\/v2\/pages\/162\/revisions\/795"}],"wp:attachment":[{"href":"https:\/\/hundeschule-stein.de\/index.php?rest_route=%2Fwp%2Fv2%2Fmedia&parent=162"}],"curies":[{"name":"wp","href":"https:\/\/api.w.org\/{rel}","templated":true}]}}